-2*v(s) - 11*w(s). Let h be r(4). Let l = 114 - h. Does 12 divide l?
True
Suppose -6*n - 124 = -2080. Is 15 a factor of n?
False
Let y(q) = -9*q - 2. Let u be y(-5). Let k = -26 - u. Let h = 119 + k. Does 10 divide h?
True
Let d(o) = 3*o**2 - 2*o - 1. Let m(f) be the second derivative of -f**3/6 + 13*f**2/2 - 10*f. Let j be m(9). Is 13 a factor of d(j)?
True
Let d(k) = 4 - 7 + 4*k**2 - 1 - 2*k**2. Let o be d(-6). Suppose -2*j = -m - 3*m - o, 2*j + m - 78 = 0. Is 13 a factor of j?
False
Let s(z) = z**3 - 4*z**2 + 4*z. Let m be s(3). Suppose -g + 74 = -5*r, 2*r - m*r = 5*g - 500. Is g a multiple of 18?
False
Suppose f + 13 = 3*u, u = -0*u - 4*f. Suppose -2*m = 4*l - 2, 2*l = 4*l - u*m - 26. Suppose l*p - 8 - 7 = 0. Is 3 a factor of p?
False
Let j(s) be the second derivative of s**3/2 - s**2 - 3*s. Let x be j(7). Suppose -3*u = -x - 134. Is 15 a factor of u?
False
Suppose -3*k = -3 - 0. Suppose 4*y - 2*o = 2, 3*o + k - 8 = y. Suppose 16 = 2*g + y*g. Is g even?
True
Suppose -5*d - 12 = -2*d, d + 20 = -j. Let g = 21 + j. Suppose -5*o - 15 = 0, g*o + 23 = 5*x + 4*o. Is 4 a factor of x?
True
Suppose 0 = -5*w - 2*k - 8 + 41, 2*w + 5*k = 30. Suppose 30 - 165 = -w*h. Does 17 divide h + -5 - (-3 - -1)?
False
Suppose 8*j + 16 = 12*j. Suppose 0 = -2*f + j*w + 408, 2*w - 386 = -2*f + 40. Is 14 a factor of f?
True
Is ((-16)/(-8))/(10/725) a multiple of 5?
True
Let m(u) = 8*u - 2. Let w = 13 - 18. Let o be 10 - w/(5/(-2)). Is 18 a factor of m(o)?
False
Let u = -65 + 200. Is u a multiple of 9?
True
Let t(y) = y**3 - 3*y**2 + 7*y. Let o be t(3). Let b(w) = -2*w**3 + 42*w**2 + 2*w - 14. Is 9 a factor of b(o)?
False
Let n(j) = 6*j**2 + 2*j + 13. Let t be n(-4). Suppose -3*q = -4*z - 113, 0*z = 3*q + 2*z - t. Is q even?
False
Let y(c) = 0*c - 5 + 4*c**2 + 15 + 3*c - 3*c**2. Is y(-4) a multiple of 8?
False
Let g(b) = 0 + 9*b - 3 - b**2 + 3*b. Suppose -24 = -15*r + 12*r. Is 8 a factor of g(r)?
False
Let f(h) = 14*h - 2. Let b(u) = 15*u - 2. Let q(r) = 7*b(r) - 6*f(r). Is 10 a factor of q(2)?
True
Suppose -5*y - 10 = -2*z - 4*y, -y - 4 = 0. Suppose 2*r = n - 96, 0 = 4*n + z*r - r - 334. Is n a multiple of 17?
False
Suppose 0 = -q + 14 + 21. Suppose -581 = -4*l + q. Is l a multiple of 35?
False
Let m(d) = -5*d**2 + d**2 + 3*d**2 - 16 - 18*d. Does 4 divide m(-16)?
True
Suppose -20 = -7*i + 2*i. Suppose -i*x + h = 2*h - 76, 3*h - 48 = -3*x. Is x a multiple of 5?
True
Suppose 8652 = 25*f + 3*f. Is f a multiple of 15?
False
Suppose -c = -4*d + 291, 0*d + 49 = d - 5*c. Suppose 0*n + 2*n - d = 0. Is n a multiple of 32?
False
Suppose 5*k - 4605 = -2*t, -3*t + 6870 = -20*k + 15*k. Does 76 divide t?
False
Is 33 a factor of (-2186)/(-14)*10*(-14)/(-20)?
False
Let d be (-20)/(-150) - (-154)/(-30). Does 4 divide ((-48)/30)/(d/75)?
True
Suppose 2*k - 499 = -c, c = 3*k - 4*c - 729. Suppose 3*v = -5*t + k, 0*t + 4*t = -v + 78. Is v a multiple of 43?
True
Let k = 82 - 80. Is 81 - (k - 0)*9/18 a multiple of 16?
True
Is 35/(-7)*1 + 106 a multiple of 4?
False
Suppose 4*f - w = 3442, -2*f = -40*w + 44*w - 1712. Is 27 a factor of f?
False
Let t(j) = 2*j + 27. Let p be t(-12). Suppose p*q = 9*q - 360. Does 6 divide q?
True
Suppose -1503 = 9*f - 18*f. Let i = f + 36. Does 29 divide i?
True
Let q(f) = -2*f - 12. Let v be -6*(1 + 3 + -3). Let x be q(v). Suppose x = -5*s - 5, 0 = -u - s + 39. Does 8 divide u?
True
Suppose 19*l - 6480 = 7*l. Is 60 a factor of l?
True
Let h(j) = j**3 - 3*j**2 + j - 1. Let g be h(3). Is (0 - g)*((-124)/8 + -5) a multiple of 12?
False
Suppose 0 = 4*h - 7*h + 6. Suppose h*b - k + 0*k - 147 = 0, -2*k = -2*b + 150. Is b a multiple of 12?
True
Suppose -4*b - 17 = -25. Suppose -2*l - b*s = -3*l + 46, 4*s = 16. Is l a multiple of 9?
True
Suppose 52*f = 60*f - 8136. Is 9 a factor of f?
True
Let k(w) be the third derivative of -5*w**4/24 - w**3/6 + 4*w**2. Let i be k(-1). Suppose i*v - v = 21. Is v a multiple of 6?
False
Let t(u) = -244*u + 52. Does 10 divide t(-2)?
True
Let j(n) = -n**2 - 7*n + 13. Let c be j(-8). Suppose 0 = -4*i + 3 + 1, s + 1 = c*i. Suppose s*q = 8*q - 248. Is q a multiple of 18?
False
Suppose 3*c - 7 = 14. Let z(t) = -t**3 + 8*t**2 + t + 6. Let x(b) = -3*b**3 + 25*b**2 + 2*b + 18. Let s(y) = c*z(y) - 2*x(y). Is s(6) a multiple of 12?
True
Let a(b) = b - 10. Suppose -3*n = -5*y + y - 34, -n = -2*y - 12. Let j be a(n). Is 89 - 6 - j/(-2) a multiple of 27?
False
Suppose 16*a = 19*a - 12. Suppose -z + 38 + 23 = -5*t, a*t + 172 = 3*z. Is 28 a factor of z?
True
Let v = 332 + 963. Is 6 a factor of v?
False
Suppose 0 = -14*l + 2468 + 836. Is l a multiple of 26?
False
Let o be ((-12)/15)/((9/15)/3). Let m(b) = -16*b - 11. Is m(o) a multiple of 32?
False
Suppose 4*h - 19 = -2*l + 21, 4*h - 5*l - 40 = 0. Let p = h + 3. Is p a multiple of 13?
True
Let k = -53 + 51. Is 6 a factor of (24/(-15))/(k/15)?
True
Let u = -65 + -35. Let s = u - -209. Does 32 divide s?
False
Suppose -6*p + 880 = 4*p. Is 8 a factor of p?
True
Let p(w) = -5*w**3 - 4*w**2 + 8*w. Let t be p(-4). Suppose -101*j + 102*j = t. Is 16 a factor of j?
True
Is 25 a factor of 24/15 + -2 + 9385/25?
True
Is 3 + 0 + (-15759)/(-17) a multiple of 30?
True
Suppose 0*u + 1526 = 7*u. Suppose -2*d + 10*l + u = 9*l, 5*l = -5*d + 560. Does 10 divide d?
True
Let h(d) = -d - 10. Let m be h(-13). Let z be (3 - m)/(0 - -2). Let x = z - -9. Does 2 divide x?
False
Suppose 2*v + 9 = 11. Let t(h) = 16*h**2 + 2*h - 1. Does 6 divide t(v)?
False
Let t be 1*4*(9 - 2) - -1. Does 10 divide (0 - 0/3) + (t - -1)?
True
Let n(z) = 64*z - 1. Let a be n(1). Suppose -5*k + d + a = 0, 5*k - 2*k + 5*d - 49 = 0. Is 13 a factor of k?
True
Let s(u) = 15*u - 35. Does 5 divide s(10)?
True
Let g be 8*2/12*3. Let f(z) = 18*z. Is 18 a factor of f(g)?
True
Let o = -18 + 34. Suppose 0 = 2*y - 2*j - j - o, 4*y - 36 = 5*j. Let u = y + -12. Is u a multiple of 2?
True
Suppose -4*w = -5*o - 431, 0 = 3*w + 5*o - 7*o - 332. Is 3 a factor of w?
True
Does 5 divide -36*(-7 + (-44)/(-12))?
True
Suppose 18 = -14*u + 16*u. Let c(q) = 0*q**3 - 5 + 11*q + 8*q**2 - 2 - q**3. Is 11 a factor of c(u)?
True
Let t(i) = 33 + 16 + 5 - 5*i. Is t(0) a multiple of 17?
False
Is (-87)/116 + (-22015)/(-20) a multiple of 22?
True
Let a be 104/(-2) + (-7)/(7/2). Let z = a + 82. Is 4 a factor of z?
True
Suppose -5*n + 1665 = 5*c, -2*c + 3*c = 3. Is n a multiple of 15?
True
Suppose 0 = 3*u + 4*s - 1235, 3*u + 4*s = 3*s + 1220. Is 26 a factor of u?
False
Let a be -9 + 76 + (-4)/(-2). Let j = -121 + a. Let x = j + 88. Is x a multiple of 12?
True
Let q(s) = -s**3 - 17*s**2 - 23*s - 39. Is q(-17) a multiple of 14?
False
Suppose -n - 790 = 4*n. Let x = n - -437. Suppose 0 = 5*u + 39 - x. Does 14 divide u?
False
Let z(p) = p**2 - 9*p + 3. Let w be 18/1*(-2)/(-6). Let d be z(w). Let f = d - -30. Does 11 divide f?
False
Suppose -900 = 60*b - 66*b. Is b a multiple of 6?
True
Suppose 4*w - 5*w = -2*g + 87, -129 = -3*g + 3*w. Does 11 divide g?
True
Suppose -3*c - 10 - 39 = 5*q, -4*c - 27 = -q. Is (-139)/(-3) + c/24 a multiple of 20?
False
Suppose -19 = -3*g + 8. Suppose -131 = -g*k + 112. Is 9 a factor of k?
True
Let o = 14 - 11. Suppose -5*q + 2*i = -34 - 51, 4*i = o*q - 37. Let k = q - 15. Does 2 divide k?
True
Is 39 a factor of (7/(-1) - -1025) + 12/(-3)?
True
Suppose 14 = 3*y + 6*l - 2*l, 4*l = 8. Suppose 23*u - y*u = 441. Does 6 divide u?
False
Suppose 39546 = -327*g + 340*g. Does 13 divide g?
True
Suppose 0 = 4*b - 12*s + 11*s - 262, -196 = -3*b + s. Is 12 a factor of b?
False
Is 11 a factor of 5 - 84/15 - 17004/(-15)?
True
Suppose -2 = 3*v - 8. Suppose 3*h - 5*s - 112 = 0, -v*s = -4*h + 155 - 1. Does 29 divide h?
False
Is 20 a factor of (-9602)/(-15) + (-187)/165 + 1?
True
Let z(p) = p**3 + 12*p**2 + 8*p + 19. Let l be z(-8). Suppose 6*s + o = s + 209, o = 5*s - l. Is s a multiple of 6?
True
Let h = -70 - -86. Is 15 a factor of h?
False
Let z = 38 - 46. Let h(u) = -12*u - 24. Is 18 a factor of h(z)?
True
Suppose 0 = -5*m + 22 + 18. Suppose 11*n = m*n. Suppose -3*j - 54 + 168 = n. Does 11 divide j?
False
Is -105*((-3)/9 - (-12)/(-18)) a multiple of 9?
False
Let t be (-1)/(-2) + (-21)/(-2). Suppose 30 = -t*p + 12*p. Does 7 divide p?
False
Suppose -9*t + 60 = -4*t. Let w = -13 + t. Is 12 a factor of 38/((-1)/w) - 2?
True
Let a(w) = -w**3 - w**2 + w - 1. Let p(l) = -16*l**2 + 17*l